- p. Suppose 6 = 9*x - j. Calculate the highest common factor of x and 11.
1
Suppose -k = 2*k - 21, 138*p + 101 = 140*p - 5*k. Let g be 4/14 - 117/(-7). What is the greatest common factor of g and p?
17
Suppose 3*s - 12 = -0. Suppose -5*p = -c + 212, 0 = -2*p + s*p + 8. Suppose c = 15*w - 11*w. What is the highest common factor of 12 and w?
12
Let t = 683 - 599. Suppose -t*b = -80*b - 1792. What is the greatest common divisor of 56 and b?
56
Let f(v) = -v**3 - 8*v**2 + 19*v + 180. Let z be f(-9). Let s = 10 - -8. What is the highest common divisor of z and s?
18
Let r = -86 + 89. Let a(o) = -18*o - 5. Let n be a(6). Let i = n - -119. What is the highest common factor of i and r?
3
Let x = 97128 - 97122. Let v = 6 - -60. Calculate the highest common divisor of v and x.
6
Suppose -x - 4*g = -91, 2*x - 5*g = 71 + 124. Suppose 1674*t = 709*t + 36670. Calculate the greatest common factor of t and x.
19
Let k be 25 - ((-3)/(-3) + 3). Let m be (24/(-5))/((4 + -1)/(-420)). What is the highest common divisor of k and m?
21
Suppose -5*y + 2*d = 675, -3*d - 404 = 3*y - 4*d. Suppose 840 = 11*l - 722. Let g = l + y. Calculate the highest common divisor of 21 and g.
3
Suppose -64*z + 1936 = 57*z. What is the greatest common factor of z and 1136?
16
Let l be ((-276)/(-483))/((-4)/(-98)). Let a be ((-9)/6)/(6/8). Let v be (-56)/(-1) - (-2 - a). What is the greatest common factor of l and v?
14
Let a = 63 + -62. Let n = a - -1. Suppose 0 = -n*w + 2*t + 80, -3*w - 2*t - 2*t = -106. Calculate the greatest common factor of 19 and w.
19
Suppose -2*q + 3*b = -53, 0 = -3*b - 2*b + 5. Let p(i) = 6*i**3 + 10*i**2 - 27*i + 2. Let f be p(2). Calculate the greatest common divisor of q and f.
4
Let t = -11604 - -11636. Suppose 0 = 2*u + 5*o + 54, 5*u - 6*u - 16 = -3*o. Let g = -14 - u. Calculate the highest common factor of g and t.
8
Let q(s) = s**2 - 2*s - 20. Let n be q(6). Let l be 3/(3/52*n). Let x be (-9)/6 - 220/(-8). What is the highest common divisor of l and x?
13
Let l(r) = -7*r - 11. Let z be l(-6). Suppose -t + 0 = -z. Let o = -8 + t. What is the highest common divisor of o and 46?
23
Let g be -2*(0 - 3)*(9 + 0). Let n = -50 + g. Let o be n/18 + (-1614)/(-27). What is the highest common divisor of o and 20?
20
Suppose 0 = 26*w - 29*w + 294. Suppose -4*f = -7*f + 2*u + w, 5*f - 142 = -2*u. What is the highest common divisor of 48 and f?
6
Let u be ((-1*441)/(-3))/(0 + -1). Let d = -123 - u. Calculate the greatest common divisor of 336 and d.
24
Let a = -102 - -156. Suppose 2*c = 2*z - 2*c - a, -3*z = 4*c - 31. Let y = z - 6. Calculate the greatest common divisor of y and 33.
11
Suppose -65*q = -4745 - 1950. What is the greatest common divisor of 17407 and q?
103
Suppose -12*s = -39*s + 5076. Calculate the greatest common factor of 5546 and s.
94
Let q be (-6)/(-24) + 36949/44. Let j = -775 + q. What is the highest common factor of j and 10?
5
Let p(a) = 16*a**2 - 123*a. Let n be p(16). Calculate the highest common factor of 144 and n.
16
Suppose 4*o = -o + 5*u + 225, 2*u = 3*o - 131. Suppose k + 39 = h, 12*h - 207 = 7*h - k. Calculate the highest common divisor of h and o.
41
Let d be ((-434)/(-56))/(2/32). Let k(f) = -126 + d + f**2 + f + 4*f**2. Let s be k(1). What is the highest common divisor of s and 32?
4
Let g be 2*(-34)/4*5. Let p = 125 + g. Suppose -3*k + 16 = q, -4*q - k + 243 - 201 = 0. What is the highest common divisor of q and p?
10
Let j be 12/(1 + 1/(-2)). Suppose 0 = -4*s + 7 + 13. Suppose 30 + 142 = h - s*q, -972 = -5*h - 3*q. What is the highest common divisor of h and j?
24
Suppose -90 + 96 = o. Suppose -3*r - 43 = -4*y, -o*r = -9*r - 15. Calculate the highest common divisor of 161 and y.
7
Let w be (-26)/(-13)*(-7)/(-2). Suppose w*p = -4*p + 363. Let q = 42 - p. Calculate the greatest common factor of q and 9.
9
Let x(f) = 11 - 12 + 11*f + 4 + f**2. Let q be x(3). Calculate the greatest common factor of q and 405.
45
Suppose 2*w - 210 = 17*f - 20*f, 0 = 2*w + 2*w. What is the highest common factor of 2030 and f?
70
Suppose 21489 = 5*a + 82*a. Calculate the greatest common factor of 26 and a.
13
Suppose 3*b - 87 = 4*i, -1 + 4 = i. Let a be ((-16)/(-3))/(7 + (-209)/b). Calculate the greatest common divisor of a and 296.
8
Let y be 20553/(-1768)*32/(-6). What is the highest common divisor of y and 13826?
62
Suppose -5*t - 3*o + 63 = o, 3*t + 2*o - 37 = 0. Let a be (11/(t/(-2)))/(1/(-2)). Let m be 34/3 - (-12)/(-9). What is the highest common divisor of m and a?
2
Suppose -4*l - 2*v - 71 = -v, 5*l - 4*v + 94 = 0. Let k be (-510)/l + (-2)/6. Let a = -3456 + 3463. Calculate the highest common factor of k and a.
7
Let l be 10/3*207/2. Let z(m) = -m**3 - 55*m**2 - 55*m - 39. Let w be z(-54). Calculate the greatest common factor of w and l.
15
Suppose -82*s - 100548 = -208*s. What is the greatest common factor of s and 114?
114
Let o = 8380 + -5869. What is the greatest common divisor of 243 and o?
81
Suppose 5*b - 6*b + 5402 = -5*r, -b - 5*r + 5452 = 0. What is the highest common factor of 1053 and b?
81
Let y(o) = -o**3 - 7*o**2 + 34*o - 124. Let k be y(-13). Calculate the highest common divisor of 1216 and k.
64
Suppose -36 = -2*k + 2*m, -3*k - 16*m + 12*m = -61. Let g(v) = v**3 + 15*v**2 - 6*v - 29. Let w be g(-12). What is the greatest common factor of k and w?
19
Let c = -125 + 100. Let f = 28 + c. Suppose -27 = -4*h + 3*d, 6*d - 3*d = -h + f. Calculate the greatest common divisor of 9 and h.
3
Suppose 0 = -2*n - 2*b + 262, n + 610 = 6*n - 4*b. Let f = 458 + -269. What is the highest common factor of f and n?
63
Let n(p) = 6*p**2 + 9*p - 400*p**3 + 9 - 4 + 201*p**3 + 200*p**3. Let j be n(-2). What is the greatest common divisor of j and 9?
3
Let w be (9513/6342)/((-6)/(-3364)). Let j(m) = 5*m**3 - 2*m**2 - 2*m + 1. Let t be j(2). Calculate the highest common divisor of t and w.
29
Let l be (-6)/(-21) + (-250)/(-7). Let t be 2190/(-1168) - (-318)/16. What is the greatest common factor of l and t?
18
Let j(b) = b**2 + 7*b - 96. Let i be (20/5)/(84/(-16) - -5). Let s be j(i). Calculate the greatest common divisor of s and 432.
48
Suppose 109*y = 40*y - 7*y + 1900. Suppose 2*x - 3*z - 5 - 94 = 0, 0 = 4*x + 4*z - 168. Calculate the greatest common divisor of y and x.
5
Suppose 0 = -k + 5*q + 74, -2*k + 65*q - 61*q + 142 = 0. What is the greatest common factor of k and 48?
3
Suppose -n = -2*c - 183, -5*n = -21*c + 17*c - 927. What is the greatest common factor of 1887 and n?
17
Let z(m) = 305*m**3 - m**2 + 15*m - 14. Let v be z(1). Suppose 81 = -14*i + v. Let o = -49 + 129. Calculate the highest common factor of o and i.
16
Suppose 170*w + l - 4142 = 168*w, 0 = -4*w - 4*l + 8296. What is the highest common divisor of w and 220?
44
Suppose d = -2*h + 4*h - 5, -4*d = -4*h. Suppose 0 = h*f - 0*f - 855. Let n(m) = 307*m + 2168. Let c be n(-7). Calculate the highest common divisor of f and c.
19
Let w be (16/6 - 0)/(78/34632). What is the highest common divisor of w and 4?
4
Let r = -181 - -5. Let i = r + 246. What is the highest common divisor of 35 and i?
35
Suppose -3 = -m - 4*d + 5, 0 = 2*m - d - 70. Calculate the greatest common factor of m and 2.
2
Suppose -2*p = 5*l - 464, -3*l + p + 353 = l. Calculate the highest common divisor of 24210 and l.
90
Suppose -23*w + 27*w - 3321 = -5*r, 834 = w + 2*r. What is the highest common factor of w and 103?
103
Suppose 1810 = 32*q - 1390. What is the greatest common divisor of q and 2100?
100
Suppose -40*b - 18215 + 73511 = -60984. Calculate the greatest common divisor of b and 102.
51
Let v(r) = 14*r**2 - 42*r + 45. Let c be v(7). What is the greatest common divisor of c and 57?
19
Suppose 3*k - 107 = -4*s, 5*k = -12 + 17. Suppose -86 - s = -16*i. Calculate the greatest common factor of i and 427.
7
Let f = 165 - 141. Suppose 10*c - f = 126. Calculate the highest common factor of c and 255.
15
Let p(v) = 4*v + 2. Let l be p(6). Let d = -59 + 72. Let t(x) = 14*x. Let u be t(d). Calculate the highest common factor of u and l.
26
Suppose -3*p = 4*s - 163, 4*p - 2*s + 39 - 271 = 0. What is the greatest common divisor of 7467 and p?
57
Let x be (28/10)/((-5)/(-25)). Let n = -2118 - -2122. What is the highest common factor of n and x?
2
Let v(s) = 7*s**3 - 5*s + 5. Let o be v(0). Calculate the greatest common